 Let a(d) = -d**2 + 24*d - 40. Let n be a(21). Let r = n + p. Calculate l(r).
3
Suppose -50 = 102*v - 50. Let w(p) be the second derivative of -1/6*p**4 + v + 1/6*p**3 + p**2 + 12*p. Give w(3).
-13
Let p(n) = 4 + 11*n + 31*n**2 - 8 + 2 - n**3 - 24*n**2. Give p(8).
22
Let t(a) = 1 + 9*a**2 - 7*a**2 - a**2 - 4 + 0. Calculate t(-3).
6
Let s(y) be the first derivative of -11*y**3/3 + 11*y + 529. Determine s(3).
-88
Let k(h) = -4*h - 44. Let j(o) = o + 2. Let x(m) = -3*m + 17. Let n(v) = -6*j(v) - x(v). Let p(g) = -5*k(g) + 7*n(g). Determine p(0).
17
Let t(v) = 968*v + 13 - 5*v**2 - 9 - 7 - 2*v**3 - 965*v. Calculate t(1).
-7
Let o(c) be the first derivative of c**6/360 + c**5/120 + 16*c**3/3 - 124. Let g(k) be the third derivative of o(k). Calculate g(-3).
6
Let q(t) = 4*t + 182. Let v(j) = 7*j - 124. Let r be v(11). What is q(r)?
-6
Suppose 70*y - 25*y - 7092 + 1962 = 0. Let s = 64 - -54. Let z = y - s. Let l(a) = a**2 + 4*a + 2. Determine l(z).
2
Let b(v) = v**3 - v + 1. Let c be (-8)/3*24/(-16). Let n(w) = 6*w**3 + w**2 - 6*w + 1. Let j(x) = c*b(x) - n(x). Let y = -124 + 122. Give j(y).
11
Let q(g) = -g + 62. Let a be 2145/(-363) + 2/(-22). Give q(a).
68
Let b(n) = -n**3 + 8*n**2 - 2*n - 5. Suppose 0 = z - 0*z - 12. Suppose -5*r + z = p, r = 4*p - p - 20. What is b(p)?
30
Let v be (-62)/124*(0 + 0 - 2). Let i(w) = -38*w + 1. Calculate i(v).
-37
Let c(v) = 2*v**2 - 16*v - 30. Let d be ((-8)/(-70)*(-56)/16)/((-3)/(-15)). Determine c(d).
10
Let x(h) = -7*h**2 + 5*h + 1. Let u(n) = -4*n**2 + 2*n. Let s(d) = 5*u(d) - 3*x(d). Let k(f) = 4*f - 22. Let o be k(7). Calculate s(o).
3
Let m(c) = -56 - 17*c + 54 + 24*c. Let x(u) = 20*u - 5. Let t(q) = 17*m(q) - 6*x(q). Let w = 9 - 6. Determine t(w).
-7
Let u be 24/(-180) + 440/(-75). Let b(y) = 3*y + 59. What is b(u)?
41
Let h(q) = 9*q + 554. Let b be h(-60). Let s(w) = w**2 - 15*w - 30. Determine s(b).
-44
Let g(v) be the second derivative of -v**4/12 + 3*v**2/2 + 197*v. Let s be 37*5/(-5)*1. Let h = -41 - s. What is g(h)?
-13
Let x(l) be the second derivative of 0 + 104*l + 5/6*l**3 - 1/12*l**4 + 1/2*l**2. Calculate x(2).
7
Let h(x) = -x**2 + 1. Let c = 42 + -20. Suppose 0 = 8*y - c - 18. Suppose -s = k + y, 5*k + 0*k + 13 = -s. What is h(k)?
-3
Let j(d) = -d**2 - 46*d - 495. Let g be j(-17). Let p(x) = -3*x**2 + 3*x + 5. Give p(g).
-13
Let u(b) = -b**3 - 6*b**2 + 5*b - 9. Suppose 2*z + 864 = -4*x, 4*z + x + 2492 - 785 = 0. Let f = z + 419. Determine u(f).
5
Suppose -3*j = -5*q + 12, 4*q - 5*q = 2*j - 5. Suppose -2*z + 10 = q*z. Let p(k) = -z*k + 5 + k**2 + 7*k - 2*k**2. What is p(7)?
-9
Let d = -34697 + 34700. Let i(v) = -2*v**3 + 5*v**2 - 5*v - 5. What is i(d)?
-29
Suppose -2*s = -74 - 132. Let o = -105 + s. Let y(b) = b**2 + 1 - 4 - 3*b - 3*b**2 - 2*b**3. What is y(o)?
11
Let g(f) be the third derivative of f**6/24 + 13*f**5/60 - f**4/24 + 2*f**3 - 15*f**2 - 78. Give g(-3).
-3
Let f(c) be the first derivative of -71 - 4*c**3 + 3*c + 0*c**2 - 1/4*c**4. Give f(-12).
3
Suppose 3*u = 7 - 34. Let i(t) be the second derivative of t**5/20 + 5*t**4/6 + 5*t**3/3 - 9*t**2/2 - 4*t - 136. Give i(u).
-18
Let p(l) be the second derivative of 13 - l**2 + 1/20*l**5 + 0*l**3 - 1/3*l**4 - 2*l. Calculate p(2).
-10
Let l = 321 + -318. Suppose 0 = x + l*x - u - 9, 18 = -2*x - 4*u. Let k(o) = -13*o**3 + 2*o**2 - 2*o + 1. Give k(x).
-12
Let c = 1788 - 3130. Let m be ((-976)/c)/((-4)/(-22)). Let d(h) = -h**3 + 5*h**2 - 6*h + 3. Determine d(m).
-5
Let q(x) = -17 + 3*x + 3*x - 9*x + x. Let r be (-61 - -58) + (0 - 10). Give q(r).
9
Let j(k) = 8*k**3 + 12*k**2 - 10*k - 14. Let i(r) = 9*r**3 + 13*r**2 - 10*r - 13. Let o(g) = 7*i(g) - 8*j(g). Calculate o(-6).
-3
Let d = 0 + 0. Suppose y - 2*y - 4*v = -7, d = -2*y - 4*v + 10. Let z(x) = -3*x + y + 0*x - 4 + 2*x. Give z(-6).
5
Let j(t) be the first derivative of -4*t**2 - 56*t + 1200. Determine j(-5).
-16
Let y(x) = 16*x**2 + 1. Let s(h) = 31*h**2 + 2. Let g(j) = -2*s(j) + 5*y(j). Suppose 2 = 4*b + 3*i, b - 3*i + 259 = 252. What is g(b)?
19
Let t(d) = 28*d - 149. Let x be t(5). Let z(g) = -3*g + 10. Give z(x).
37
Let s(o) = o**2 + 7*o + 5. Let j be (7 - 7 - 1/(-1))*13. Suppose 0 = -4*x - j - 7. Determine s(x).
-5
Let x(d) = d**2 + 6*d + 7. Let a = 135 + -135. Suppose a = -12*r + 9 + 15. Suppose -5*p + r*u = -2*p + 19, 3*p + 13 = -u. Determine x(p).
2
Let r(o) = o**3 - 45*o**2 - 94*o - 9. Let a be ((-2)/(-35) + (-528)/(-560))/(3/141). What is r(a)?
-9
Let c(x) = -5*x**2 + 14*x + 6. Let u(a) = -7*a + 4*a**2 - 7*a + 776 + a - 782. Let b(g) = 6*c(g) + 7*u(g). Let w = 6 - 10. Determine b(w).
-10
Let u be (4/(-6))/((-2)/(-3)). Let k(t) = -27*t - 80. Let i be k(-30). Let b(f) = 731 - 18*f**3 - 2*f**2 + 15*f**3 - i. Give b(u).
2
Let w(z) be the second derivative of -1/2*z**2 + 7*z - 7 - 1/6*z**4 - 1/2*z**3. Determine w(3).
-28
Let m(r) = r**2 + 7*r + 7. Let v be m(-5). Let y(b) = b**3 + 4*b**2 + 6*b. Let j be y(v). Let c = j + 15. Let g(p) = p**3 - 6*p**2 - p + 7. Give g(c).
1
Let v(a) be the first derivative of a**3/3 - 33*a**2/2 + 142*a + 4713. Determine v(28).
2
Let b(i) = -i**3 + 11*i**2 - 8*i - 13. Suppose 5*u + 5*c = 4*u - 15, 0 = -5*u - 5*c - 135. Suppose t - 2*t = 40. Let m = u - t. Determine b(m).
7
Let h(u) = -u + 8. Suppose 6*s - 25 = s - 5*d, 0 = 2*d - 4. Suppose -5*y - p = -63, -s*p = 40*y - 44*y + 39. Calculate h(y).
-4
Suppose 2*n - 5*s = -n, 0 = -4*n + s. Suppose n*w + w = 4*m - 32, 0 = 2*w. Suppose 19 = 3*v - m. Let o(h) = -h**3 + 8*h**2 + 8*h + 7. Determine o(v).
-2
Let s(u) = -5*u + 12. Let i(q) = q + 1. Let a(b) = 4*i(b) + s(b). Let n be a(9). Suppose w - 15 = 3*m, 0*m + 3*w + n = -4*m. Let d(p) = -2*p. Determine d(m).
8
Let n(p) be the second derivative of p**3/3 - 11*p**2/2 + 6*p - 51. What is n(3)?
-5
Let s = -351 + 356. Let f(k) = -6*k + k**3 - 4*k + 3 + 3*k + 3*k - 4*k**2. Determine f(s).
8
Let c(u) be the second derivative of -u**3/2 + 2*u**2 + 3537*u. Give c(-1).
7
Let t = 187 + 170. Let l be 1/(-4) - t/(-68). Let n(d) = d + 1. Determine n(l).
6
Suppose -11*k - 122 = -13*k. Let h = k + -59. Let t(l) = -h + l + 2 + 471*l**2 - 476*l**2. Determine t(1).
-4
Let b(p) = p + 14. Let k be b(-10). Let s(c) = -7*c**2 - 42*c - 13. Let i(v) = -v**2 - 8*v. Let j(m) = -6*i(m) + s(m). Determine j(k).
-5
Let s(p) = 5*p + 39. Let w be s(-5). Let a(g) = 4 + 0 + w*g - 13*g - 2*g. Give a(-6).
10
Let z = -69 - -72. Suppose -3 + 12 = z*u. Let f(n) = 8*n**2 - 6*n**3 - n - 6*n**2 + 2*n**3 - u*n**3. Determine f(1).
-6
Let u(h) be the third derivative of -h**6/180 + h**5/20 - 17*h**4/24 + h**2 + 15*h. Let q(c) be the second derivative of u(c). Determine q(0).
6
Let x(q) be the second derivative of 0 - 7/6*q**3 + 1/20*q**5 - 11*q + 5/12*q**4 + 1/2*q**2. Let n = 131 - 137. What is x(n)?
7
Let x(o) = o**2 - 4*o + 4. Let r be x(4). Let q(a) = -a**2 + 17*a + 27. Let f be q(18). Let w(t) = 4*t + 4*t**2 + 3 - f*t + t - 3*t**2. Calculate w(r).
3
Let m = 13307 - 13312. Let d(k) be the second derivative of k**3/6 + 7*k**2/2 - 2*k. Determine d(m).
2
Let c(i) = -i**3 + i**2 - i - 14. Let h be 3*(-2)/8*(-811 - 1). Suppose -602*y = -h*y. What is c(y)?
-14
Suppose -55*n = -564 + 344. Let l(r) = -9*r + 21. Calculate l(n).
-15
Let t(r) be the first derivative of 5*r**3/3 + 1. Let i(f) = -f**2 - 44*f - 6. Let a be i(-15). Let q = 428 - a. What is t(q)?
5
Let g(i) = -4*i - 3 + 11*i + i**2 + 5. Let r(m) = -60*m + 3. Let w be r(-2). Let s = 117 - w. Determine g(s).
-4
Let y = 119 + -123. Let t be (y/3)/((-102)/153). Let b(g) = -45*g + 55. Let k(x) = 5*x - 6. Let l(m) = 6*b(m) + 55*k(m). Determine l(t).
10
Let h be (-1)/(39/(-6)) - (-134)/(-26). Let x(p) = 0*p - 4*p + 7 + p**3 + 4*p**2 + p. Let n be x(h). Let k(r) = -r**2 + r + 1. Determine k(n).
-11
Let g(u) = u + 1. Let b(p) = -p**2 - 2*p - 9. Let h(m) = b(m) + 6*g(m). Let t be 6 + 1/(10/6 + -2). Suppose 0 = t*k - q - 10, 4*k - 35 = -k - 2*q. Give h(k).
-8
Let v(u) be the third derivative of 5/12*u**4 - 1/60*u**5 + 0 - 2*u**2 - 3/2*u**3 + 0*u. Suppose 3*s - 19 = -h, 2*h + 4*s = h + 23. What is v(h)?
12
Suppose -36*l + 213 - 60 = -135. Let y(p) = -2*p**2 + 12*p + 15. What is y(l)?
-17
Let x(b) = -2 - 35 + 3085*b - 10 - 3081*b. What is x(0)?
-47
Let b(i) = i**3 + 4*i**2 - 4*i + 2. Suppose -5*a = -0*p - p + 27, 4*a - 5*p = -30. Give b(a).
-3
Let x(l) = -l**3 